-2 + (-2 - (0 + 2 - 1))
-5
What is the value of 2 + 5 + -5 - (-2 + 5)?
-1
What is the value of 9 - 4 - (7 + -16 + 22)?
-8
Evaluate 12 + 0 - (-22 + 39).
-5
5 - 1 - (0 + 0 + 0)
4
What is the value of 0 + 1 + 26 + -25?
2
-6 - ((-2 - (-9 + 4)) + -7)
-2
What is the value of (20 - (-6 + 13)) + -6?
7
Evaluate 9 + (-10 - (-2 + -3)).
4
What is the value of -6 - (12 - (-7 + 29))?
4
What is the value of -5 + -3 + 3 - -2?
-3
Calculate 3 + 1 + -4 + 3 + 0.
3
(-2 + 0 - -2) + (-3 - -6)
3
What is the value of -8 - ((-4 - 2) + 4)?
-6
(-3 - -5) + -3 + 2 + 3
4
What is 2 + -1 - (6 - 12) - 3?
4
(5 + -1 - 13) + 10
1
What is the value of 1 + (-2 - (1 - 4) - -2)?
4
Calculate 0 + 3 + -2 + -1.
0
Calculate -9 + (2 - 4) + -1 + 11.
-1
What is the value of -13 + 6 + 1 + 4?
-2
What is 1 - ((-5 - 1) + (-6 - -16))?
-3
Calculate (3 - -1) + (-4 - -3).
3
What is the value of 1 - (8 + -3 - 3)?
-1
Calculate 11 - (11 - (2 - -2)).
4
What is the value of 6 + -3 + -6 + 8?
5
Calculate 1 + 0 - 4 - (-87 + 79).
5
What is -2 + -8 + 4 + (0 - -3)?
-3
Evaluate 0 - (6 + (-6 - -3)).
-3
What is the value of -3 + (8 - 1) - -1?
5
Evaluate -7 - (2 + (5 - 6) + -6).
-2
Evaluate 7 + 0 + (3 - 7).
3
(-1 - (-2 + -1)) + (79 - 79)
2
What is 2 - (0 + 9) - -7?
0
Calculate 3 + (4 + (-13 - -6) - -4).
4
Evaluate 3 - (-4 - (-2 + (-2 - 3))).
0
Evaluate -2 + -4 + 14 + -5.
3
What is (5 - 5) + -5 + 2?
-3
Calculate ((-1 - 3) + 3 - -4) + -3.
0
0 - (5 + -8 + 3)
0
1 + 1 + (0 - 2) + -3
-3
3 + 4 + (5 - (12 - 5))
5
What is the value of 103 + -80 - (2 - -11)?
10
2 - 4 - (-10 - -3)
5
1 - -1 - (11 - 11)
2
(-11 - -19) + (0 - 5)
3
Calculate 4 - ((3 - -7) + (-1 - 3)).
-2
What is -2 + (0 + -5 - 0 - -3)?
-4
What is the value of 6 + (-6 + 4 - 0)?
4
Evaluate (2 - 1) + (-3 - -1).
-1
What is the value of 1 + (1 - (1 - 5) - 2)?
4
What is 18 + (2 - (6 + 5))?
9
-4 - (-5 + 2 - -4 - 3)
-2
Evaluate -13 - (-12 - -12) - -19.
6
What is the value of 3 + (-3 - (2 + 1 + 0))?
-3
-4 + 1 + -1 - (259 + -262)
-1
What is -2 + 4 - -6 - -2?
10
Evaluate 6 - ((9 - 0) + 1).
-4
What is the value of 2 - (-4 + 4) - 0?
2
What is 0 + 2 + -1 + -3?
-2
-6 + -4 + 14 + (-2 - -1)
3
What is (78 - 70) + -5 + -1?
2
Evaluate 1 + (-1 - -2) + (1 - -2).
5
What is 9 + (-2 - (4 - 2)) - 0?
5
Calculate 11 + -7 + 0 + -4 + 6.
6
What is the value of (2 - 2) + 3 + -2 + 0?
1
Evaluate -1 + (9 + -2 - 3).
3
Calculate 7 - ((6 - 9) + 8).
2
What is the value of 0 - (-5 + 8) - -6?
3
Evaluate 2 + (-3 - -2) - 4.
-3
What is -2 + -1 + (3 - -5)?
5
(-14 - -11 - (-1 - -5)) + 3
-4
Calculate -1 + 1 + (-10 - -11).
1
Evaluate -2 - -1 - (5 + -4 + 3).
-5
What is the value of 0 + -1 + (11 - 21 - -18)?
7
What is the value of -2 + (-1 - 1) + 4?
0
Calculate -7 - (-5 - (-4 + 7)) - 7.
-6
-2 + -3 + -6 + 7
-4
Calculate (7 - (1 - -6 - 4)) + -3.
1
Evaluate 3 + -3 + (7 - 7).
0
Evaluate 0 - (3 - (3 + -5)).
-5
-4 - ((-4 - 1) + -2)
3
Evaluate (5 - 7) + 8 + -4.
2
-8 + 20 + -9 - (-1 - -8)
-4
What is 5 + (-2 + -2 - 2) - -4?
3
Evaluate 1 - -1 - 6 - (4 - 7).
-1
Evaluate (0 - -2) + (-2 - -3) + -2.
1
Calculate -1 + 0 + 53 + -50.
2
What is 3 + -2 + (1 - 1) + 0?
1
Evaluate (-2 - (-7 + 7)) + 2 + -1.
-1
Calculate -5 + (4 + (-6 - 2) - -4).
-5
What is -1 + 2 - (-6 + 7 + -3)?
3
Evaluate -16 + 0 + -2 + 25 + -18.
-11
What is the value of (-8 - -7) + (-2 - 1) + 5?
1
Calculate -2 + (2 + -2 - 1 - -3).
0
What is the value of -4 + 1 + 9 + -2?
4
10 - (-11 - -17) - -7
11
What is the value of -7 + (-7 - -7) + 2?
-5
What is (14 + -7 - -2) + -4 - -4?
9
What is -1 - -2 - (6 - 4 - 6)?
5
What is -9 - 0 - (-2 + (-8 - -7))?
-6
What is 6 - (5 + -13) - 7?
7
What is the value of 0 + -1 - (4 - (2 - 2))?
-5
Calculate 16 - 13 - (4 - 5).
4
What is (-6 - 1) + 19 + -16?
-4
What is the value of (-19 - -4) + 14 - 6?
-7
What is the value of 6 - ((0 - -7) + -1) - -8?
8
What is the value of 1 + -1 + 4 + 0?
4
-1 - ((0 - -3) + -4 + 4)
-4
(-3 + 4 - 2) + 4 + -7
-4
What is 10 - (-5 - -6) - 2 - 13?
-6
6 - 3 - (-3 + 1)
5
What is the value of (7 + (-2 - 4) - 9) + 6?
-2
What is the value of 1 + 8 + -1 + -15?
-7
Calculate 5 - (9 - 3) - 1 - 2.
-4
What is 11 + (-19 - (-18 + 9))?
1
Evaluate 7 + (9 - (-5 + 19)).
2
Calculate (-13 + 12 - -2) + 8.
9
What is the value of -6 + (4 - (9 + -14))?
3
Calculate -2 - (-4 + (6 - (-1 + 3))).
-2
Evaluate -9 + -8 + 5 - -6.
-6
What is 12 + (2 - (-3 + 9))?
8
What is the value of 2 + 0 - (7 + -5)?
0
Evaluate 5 + -8 - (-15 + -4 + 7).
9
Evaluate (-5 - (5 + -8)) + (2 - -1).
1
Calculate -4 + (6 - 8) + 0 - 0.
-6
Evaluate 9 - 1 - 7 - 2.
-1
(3 - (-1 + 2)) + (14 - 18)
-2
Calculate (-2 - (2 + (-1 - -4))) + 2.
-5
What is the value of 0 - -1 - (-4 + 0 + 8)?
-3
Evaluate 10 + -12 - (-3 - (-1 - 2)).
-2
What is -8 - (-5 + (5 - 4) + -1)?
-3
What is the value of 5 - (-1 + (0 - -6 - 10))?
10
What is the value of (1 - -4) + -2 + 1 + -3?
1
6 + -19 + 5 + 6
-2
Evaluate 9 + (1 - 4) - 2.
4
Evaluate -3 + (5 - 2) - (2 - 5).
3
Evaluate (-41 - -28) + 0 + 20.
7
What is the value of -1 - (4 + -10 + 10)?
-5
What is 5 + (0 + -3 - 2)?
0
Calculate 4 + 0 + -2 + -1.
1
Evaluate 5 + 3 + -10 + -2.
-4
Calculate 3 + 7 + -4 + 0 + -2.
4
What is 15 + (-6 - 2) - 2?
5
What is the value of 3 - (1 + 2 - 7 - -2)?
5
Calculate (-3 - -5 - -6) + -16.
-8
Calculate (2 - (2 + 0)) + (26 - 26).
0
Calculate 10 + (2 - 4 - (5 + -3)).
6
What is the value of -3 + 4 + -1 - 3?
-3
What is (13 - 4 - 4) + -7?
-2
What is 2 + 0 + 0 + -5?
-3
What is ((3 - -2) + -2 - 3) + -3?
-3
What is -20 - -20 - (-1 + 0)?
1
Calculate 6 + 0 + 0 + -2.
4
Calculate 0 + -1 + 1 - (-1 - 5).
6
-5 - (-11 - (-6 - -7))
7
-4 - -2 - 1 - (-5 + -1)
3
What is -7 + (0 - (-6 + 1))?
-2
What is the value of -2 - -3 - -3 - 4?
0
What is -2 + (-8 - (-12 - -4))?
-2
6 + (2 - (-7 - -10))
5
What is the value of 3 - (3 + 1 - 3)?
2
What is the value of (4 - -4) + 3 + -6?
5
What is (115 - 118) + 0 + 0 + 11?
8
Evaluate 4 - (0 - (0 + -4 + 5)).
5
-11 - (-8 + (-1 - 3))
1
Evaluate 10 + -3 - (22 + -8 + -6).
-1
Calculate -2 - -2 - 3 - -2.
-1
Evaluate -7 + (15 + -5 - -8).
11
Calculate 5 + 1 + -12 - (2 + -2).
-6
What is the value of 3 + (-7 - -5) - -2?
3
What is -70 + 63 - (0 - (0 + -3))?
-10
8 + -3 + 5 + -19
-9
What is the value of -3 + (10 - (3 + 2))?
2
What is the value of 2 + 0 - (-1 + 1) - -2?
4
What is -7 + 0 + (17 - 17)?
-7
Calculate -3 + 3 + -5 + 5.
0
Calculate (-2 - -6) + (-21 - -15).
-2
Calculate -1 - (2 - -2) - (-5 - -3).
-3
What is the value of (-94 - -98) + 0 + 0?
4
What is the value of -6 + 7 - (5 + 1)?
-5
Calculate -2 - 0 - (-14 + 4 + 3).
5
What is 14 + -2 - (-5 + (2 - -7))?
8
What is the value of (0 - -1) + -1 + 4?
4
Evaluate 10 + -6 + -1 + -3 + 0.
0
Evaluate (-6 - (1 - 3)) + 21 + -12.
5
Calculate -4 + 2 + 0 + -1.
-3
-2 - -12 - 10 - 5
-5
Evaluate -1 + 9 - (-77 + 89).
-4
-3 - 3 - -7 - -2
3
57 + -58 + -6 + -2
-9
Calculate (7 - 9) + 2 + 3.
3
Calculate 49 + -41 + -1 + -8 - -10.
9
-6 - (-1 - -1 - 1)
-5
1 - (1 + -3 + 1 - -3)
-1
What is the value of -1 + (-7 + 9 - 3)?
-2
-4 + -11 + (5 - -11)
1
What is 2 - (-2 + 1 - (3 + -4))?
2
What is the value of (-11 + 6 + 1 - 4) + 3?
-5
-6 + (-4 - (8 - 15))
-3
Calculate 2 + (-2 - -3) + 1 + -4.
0
Evaluate -3 + 2 - 2 - (-7 - 1).
5
17 - 10 - (10 + -1)
-2
Calculate -3 - 1 - (-9 - -3).
2
Calculate 5 - (-2 + 8 + -6 - 0).
5
What is -3 + (5 - (0 + 7)) + 0?
-5
Calculate 0 + (3 - (-6 - -4)).
5
Calculate 4 - (-1 + (4 - 4) + 0).
5
What is the value of 0 - -2 - (1 + (2 - 0))?
-1
Calculate 3 - 17 - (9 + -16) - -3.
-4
What is the value of 14 - (-13 + 21) - 4?
2
Evaluate -4 + 0 + -1 + 6.
1
Evaluate -13 - (1 - 8) - -2.
-4
What is the value of -6 + -2 + 3 + (0 - -5)?
0
-7 - -1 - (4 - 5)
-5
What is (8 - (2 - 0)) + (10 - 11)?
5
What is 7 - (-3 - (-3 + -4))?
3
Calculate (5 - 2 - 3 - 4) + -2.
-6
Calculate -1 - (21 + -23 + (0 - 0)).
1
Calculate (8 - 2) + -5 + (6 - -1).
8
Evaluate -1 + -2 - 0 - -1.
-2
(6 + -8 - (-1 + -1)) + 5
5
(-12 - -8) + -1 - -16 - 4
7
What is 0 + 15 + (0 - 10)?
5
Calculate 4 + -10 + -3 + 11.
2
Calculate (-26 - -31) + (-1 - -1) - 2.
3
(12 - 4) + (-25 - -21)
4
Evaluate 4 + -2 + 6 - 5.
3
Calculate -6 - (10 + -11 + (-4 - -1)).
-2
Calculate 0 + (2 + -2 + -4 - -3).
-1
What is the value of 3 + 3 + -11 + 9?
4
What is the value of 5 + (-2 - (-2 - -1))?
4
Calculate -7 + 17 + 3 + -8.
5
Calculate 1 + -1 + -18 + 13.
-5
Evaluate -9 + (6 - 5) + 4.
-4
What is (1 - (3 + -3)) + 1 - 7?
-5
What is (-8 - -3) + (5 - 4)?
-4
((7 - 5) + -6 - -